nd 7783.
43
Suppose 3*k - 45 = 945. Let s = -219 - -366. Suppose 0 = -6*b + s + 33. Calculate the greatest common factor of k and b.
30
Suppose -3*t + 3*z = -75, -20*t + 23*t = 5*z + 73. Let v be (2 - 0)/(2/52). What is the highest common divisor of t and v?
26
Let z(i) = 3*i**2 + 6*i - 85. Let l be (-39)/(-3) - (-15 + 18). Let g be z(l). Calculate the highest common factor of g and 25.
25
Let u = -223 + 137. Let v = 124 + u. Let a = -29 + v. Calculate the highest common divisor of 36 and a.
9
Let w = -20 - -26. Suppose -23 - 19 = w*v. Let h be v/(-21) + (-33)/(-9). Calculate the greatest common divisor of 44 and h.
4
Suppose -7*n = -1758 - 3996. Let y = -738 + n. What is the greatest common divisor of 273 and y?
21
Suppose 0 = 3*h - 6, f + 0*h = -3*h + 11. Let g be ((-7 + 2)*(-80)/15)/((-1)/(-3)). Calculate the greatest common divisor of g and f.
5
Suppose 12 + 32 = 4*t. Let p(r) = -r + 20. Let n be p(t). Calculate the greatest common factor of n and 3.
3
Let k = 290 + -241. Suppose 2*c - 4*b - 80 = 0, -5*c + 200 = -46*b + k*b. Calculate the greatest common factor of c and 320.
40
Suppose -2*k + 1904 = 5*y, 3840 = 4*k + 4*y - 2*y. What is the highest common factor of k and 222?
74
Let r = -2806 + 2823. What is the greatest common divisor of 2720 and r?
17
Let f be ((-1278)/21)/(23/(-161)). Calculate the highest common factor of f and 781.
71
Let r = -206 - -224. Suppose -6*v + r = -48. Calculate the highest common factor of 352 and v.
11
Let i = 76 + -185. Let v = -33 - i. Suppose 0 = 11*a - 7*a - v. What is the greatest common divisor of 19 and a?
19
Let v = -15 - -21. Suppose 865 = v*j + 55. Calculate the highest common factor of j and 5.
5
Suppose 432 + 159 = 3*k. Let b = k + -181. Calculate the greatest common factor of 16 and b.
16
Let f(p) = 110*p - 10. Let n be f(5). Let j(a) = -5*a - 25. Let w be j(-9). Calculate the greatest common factor of w and n.
20
Suppose 7*a - 500 - 214 = 0. Calculate the highest common factor of a and 42.
6
Let c be 2/63 + (-1220342)/(-10899). Let f = -40 + 56. What is the greatest common divisor of f and c?
16
Let r = 7638 + -7614. Let d(o) = -o**3 - 5*o**2 - 6*o + 2. Let v be d(-5). What is the greatest common divisor of r and v?
8
Let y = -47 - -29. Let l be 122/18 + (-4)/y. Suppose -f + 19 + 9 = 0. Calculate the greatest common divisor of l and f.
7
Suppose -i = h - 14986, 38*h + 29942 = 2*i + 34*h. What is the highest common factor of 71 and i?
71
Suppose 15*g = 10*g + 3*i + 1165, -2*i = 2*g - 482. What is the greatest common factor of g and 12154?
118
Let n(v) = -17*v + 1653. Let f be n(97). What is the highest common factor of 6788 and f?
4
Let t be 80 - 0 - (-121 - -123). Calculate the greatest common divisor of t and 15418.
26
Suppose -3895 - 29045 = -610*x. Calculate the greatest common divisor of 8289 and x.
27
Let r(y) = -10*y + 512. Let x be r(50). Suppose x*l - 157 = 551. Calculate the highest common factor of 531 and l.
59
Let y(n) = 23*n + 1. Let t be y(-4). Suppose 726 = 7*h - 256 - 145. Let m = h + t. Calculate the highest common divisor of m and 28.
14
Let h be (-1 - -2)*(4 - -86). Let v(c) = 4*c**2 + 375*c + 3291. Let m be v(-9). What is the greatest common divisor of h and m?
30
Let o(p) = 28*p**2 + 7*p + 2. Let v(x) = x**2 - x. Let q = 6 - 5. Let u(a) = q*o(a) + 6*v(a). Let y be u(-1). Calculate the greatest common divisor of 5 and y.
5
Suppose 2*t + 136 + 252 = 3*m, -956 = 5*t - 4*m. Let h be (-8 + 4 - t) + 1. Calculate the highest common divisor of h and 37.
37
Let m be 49 - (32/28 + (-54)/(-14)). Calculate the highest common factor of 452 and m.
4
Let z(o) = 272*o**2 - 57*o + 236. Let w be z(4). What is the highest common divisor of 10 and w?
10
Let w be 127/2 - ((-55)/(-10))/(-11). Let d be w - 1 - -5 - 1*5. What is the greatest common factor of 84 and d?
21
Let i = -9453 + 9807. What is the highest common divisor of 5900 and i?
118
Let b(a) = 54 + 4*a + 55 + 45. Let d be b(0). Suppose -3*k + 42 = -0*k. What is the highest common divisor of k and d?
14
Let h = -3161 + 3467. What is the greatest common divisor of h and 36?
18
Let u be (32/2)/(10/35). Calculate the highest common divisor of u and 4424.
56
Let u(t) be the first derivative of 5*t + 7/2*t**2 + 14 + 1/4*t**4 - 7/3*t**3. Let a be u(6). Calculate the highest common factor of 11 and a.
11
Suppose 0 = 16*r + 524 - 5772. What is the greatest common factor of r and 2?
2
Suppose -286*m + 278*m = -1600. Suppose -5*a = -2*y + 95, 2*y - 7*y + 5*a = -m. Suppose p - 28 = -3*p. What is the greatest common divisor of y and p?
7
Let o be 126/(-567)*(18/24 + (-39)/4). What is the highest common factor of o and 7466?
2
Suppose 0 = 3*n + 15, -5*n + 357 = 2*i - 4*n. Let h = -157 + i. Suppose -x - 5*u = -2*x + 2, -6 = -3*u. What is the greatest common divisor of h and x?
12
Let n be 820/8*8/10. Let a = 86 - n. Suppose 5*h - 163 = 3*i - 2*i, 52 = 2*h + a*i. Calculate the highest common divisor of h and 96.
32
Let n be (((-8)/3)/2)/((-2)/3). Suppose -n*y - 83 = -443. Suppose -5*t - 4*r = -y, 2*t - 3*t - 5*r + 36 = 0. What is the highest common divisor of 54 and t?
18
Let i(j) = -46*j**3 + 2*j**2 - j - 2. Let l be i(-1). Suppose -2*k = -31 - l. Let a = -25 - -64. Calculate the highest common divisor of a and k.
39
Let o(w) be the third derivative of 257*w**4/24 - 2*w**3/3 + 141*w**2. Let g be o(2). Calculate the greatest common divisor of 306 and g.
102
Let b(a) = -a**2 + 3*a + 3. Let v be b(4). Let r be 3 - (v + 1)/(13 - 15). Let p be (-2)/(-1) + -1 + 0. What is the greatest common factor of r and p?
1
Suppose -3*u - 8 = 4, -3*j + 2*u + 32 = 0. Suppose 9*g - 5*g = -5*x + 25, -j = -2*g - 4*x. What is the highest common divisor of g and 110?
10
Let b = 504151 + -504145. Let y(j) = -2*j - 5. Let p be y(-6). Let r be 2/p + 624/21. What is the greatest common factor of r and b?
6
Suppose -5*g = 3*x - 7, 4*g - 4 = -13*x + 9*x. What is the highest common factor of 38 and g?
2
Let m be -1 - (3 - 33453/9). What is the highest common divisor of m and 47?
47
Suppose -155*v + 91*v = -4864. What is the highest common factor of v and 8?
4
Let s = 14467 - 8419. What is the highest common factor of 108 and s?
108
Suppose 3*s - 163*t + 160*t = 501, 2*s = 4*t + 330. Calculate the highest common divisor of 11 and s.
1
Let z be (7675/2)/(26/(-16)*6/(-39)). Calculate the highest common divisor of z and 50.
50
Let l(g) = -5*g**3 - 17*g**2 - 26*g - 35. Let c be l(-7). What is the highest common factor of c and 63?
21
Suppose -3*u + 4*h + 144 = 5, 5*u = h + 226. What is the greatest common factor of 8145 and u?
45
Suppose -4*d - 252 = -2*w, 560 = 2*w + 3*w + 4*d. Suppose 4*b - 67 = -3*i + 5*b, 0 = -4*i - 4*b + w. Calculate the greatest common divisor of i and 96.
24
Let p be 1/(-4) + (-50583)/(-12) + 4. Let w = -1626 + p. Suppose -w = -9*z - 649. What is the highest common factor of 27 and z?
27
Let w = -114 - -179. Suppose -w*x + 69*x = 400. What is the highest common factor of 20 and x?
20
Suppose 0 = u + 3 - 5. Let x be 2896/44 - (-3)/(33/u). Let a = -36 + x. Calculate the highest common factor of a and 20.
10
Suppose -16*q + 20*q = -216. Let m be 16/72 + 1192/(-18). Let g = q - m. Calculate the greatest common factor of 3 and g.
3
Let a = 829 + -424. Suppose 0 = 2*k - 189 - a. Calculate the greatest common factor of k and 27.
27
Let l = 202 - 112. Let g be 0*((-5)/(-25))/1. Suppose -5 = -2*h - 5*q, g = 4*h + q + 4*q - 25. What is the greatest common factor of l and h?
10
Suppose 6*q = 22*q. Let d be (-3 - 29)/(-2) - q. What is the greatest common factor of d and 20?
4
Let z(v) = 8*v + 0 + 3 + 1 - 3. Let n be z(-5). Let o = n + 41. What is the highest common factor of o and 10?
2
Let p be -10 - 10*((-81)/(-18) + -7). What is the highest common factor of 5055 and p?
15
Let a(r) = -4*r**3 + r - 2. Let m be a(-2). Let q be 2 + (-5)/((-45)/1872). Let w be 4*q/(-36)*(-660)/50. What is the greatest common factor of m and w?
28
Suppose 0 = 4*r - 1259 - 665. Suppose -11*b + 256 + r = 0. Let o = b + -65. Calculate the greatest common factor of 1 and o.
1
Let k = -27 - -27. Suppose -11*j + 210 + 54 = k. Let t = 37 - j. Calculate the greatest common divisor of 26 and t.
13
Let p(k) = 107*k**3 + 2*k**2 - k. Let l be p(1). Suppose -648 = 99*x - 111*x. Let j be (x/14)/((-5)